4*w - 2*b - 5, 0 = 5*w + 5*b + 25. Let n be w/(-1 + (-3 - -2)). Suppose 0 = -2*v - 2, n*y = 4*y + 3*v - 25. What are the prime factors of y?
7
Suppose -2*a + 4*a - 556 = 0. What are the prime factors of a?
2, 139
Let d(l) = -l**3 - 4*l**2 - 5*l - 6. What are the prime factors of d(-4)?
2, 7
Let r = -920 - -1305. What are the prime factors of r?
5, 7, 11
Suppose -2*t - 3 = -o, 6*t = -2*o + 3*t - 22. What are the prime factors of (-5 + 0)*29/o?
29
Suppose -5*c = -1 + 16. Let a(f) = -6*f - 2. What are the prime factors of a(c)?
2
Let v(s) = s**2 + 9*s + 2. Let m be v(-9). Suppose q = -m*q + 72. List the prime factors of q.
2, 3
Suppose 0*v = 3*v - 66. Suppose 0 = 5*b - 4*b + v. Let p = 34 + b. What are the prime factors of p?
2, 3
Let g(t) = 108*t - 6. What are the prime factors of g(2)?
2, 3, 5, 7
Let t(n) = -24*n + 2. What are the prime factors of t(-1)?
2, 13
Let z(b) = 2*b**2 + 3*b - 3. Let j be z(-3). Let s(v) = v**2 - 2*v + 3. List the prime factors of s(j).
3
Suppose -2*o + 4 + 2 = 0. Let g be (-2)/6 - (-208)/o. Suppose 3*l = -2*t + 7*t - g, 0 = -4*t - l + 45. What are the prime factors of t?
2, 3
Let p(y) = y + 4. Let l be p(-3). Suppose -3*n = -2 - l. Suppose -11 = -5*m - n. List the prime factors of m.
2
Let t(u) = u**2 - 5*u + 1. Let a be t(4). Let v = a + 2. What are the prime factors of ((-12)/v)/3 - 2?
2
Let k = -2 - -4. Suppose -k*v = -0*v - 16. List the prime factors of v.
2
Suppose -3*f - 12 = 0, 4*v + 2*f - 3*f - 36 = 0. Let n(d) = -d**3 + 9*d**2 - 9*d + 8. Let h be n(v). Suppose s + 2*s - 6 = h. What are the prime factors of s?
2
Let u = 7 + 297. What are the prime factors of u?
2, 19
Suppose -4*f + 41 + 19 = 0. List the prime factors of f.
3, 5
Let a(s) = 5*s**2 - s + 2 - 5 + 2. Let y be a(-1). Suppose -y*x = -3*n + 38, -4*n - 2*x + 37 + 31 = 0. List the prime factors of n.
2
Suppose -4*g = 4*u, 0*u - g = -u + 6. Suppose 36 = -u*s + k + 140, -4*s + 5*k = -146. List the prime factors of (7/2 - 3)*s.
17
Let z = -46 + 21. Let w = -13 - z. What are the prime factors of w?
2, 3
Suppose -259 = -3*i - 16. Let q = -47 + i. What are the prime factors of q?
2, 17
Let b(v) = 3*v - 1. List the prime factors of b(1).
2
Let v = 8 + 24. What are the prime factors of v?
2
Suppose 5*u - 4*b = -9, 5*b + 15 = -u + 2*u. Let o = 2 - u. List the prime factors of o.
7
Let w = 651 + -349. What are the prime factors of w?
2, 151
Suppose 0 = 3*z + t + 12, 0 = 2*z - 2*t + t + 3. What are the prime factors of z*((-6)/9 - 2)?
2
Suppose 208 = 2*u + u + 4*x, -4*u + 294 = -3*x. List the prime factors of u.
2, 3
Let w = 0 - 0. Suppose -5*m - 28 + 3 = w, 5 = -3*a - 4*m. List the prime factors of a.
5
Suppose 3*u + 4 = -26. Let s(x) = x**3 + 11*x**2 + 9*x + 4. List the prime factors of s(u).
2, 7
What are the prime factors of (-4)/(-3)*(-195)/(-10)?
2, 13
Let i(k) = 2*k - 4. Let d be i(5). What are the prime factors of -1*d*3/(-2)?
3
Let n(t) = -t**3 + 3*t - 4. Let q be n(-3). Suppose -3*d + 2*d - q = 4*x, -12 = -4*d + x. What are the prime factors of d?
2
Let b(i) = i**2 + 3. Suppose 4*x - 3*x = 0. Let v be b(x). Suppose v*p - 11 = 2*l, 3*l = l + 10. List the prime factors of p.
7
Suppose 0 = 5*c + 5*p - 215, 169 = 3*c - 3*p - 2*p. Suppose 0 = -3*o - 5*h + 33, -2*o - 2*h = -16 - 2. Suppose o*m = 2*m + c. What are the prime factors of m?
2, 3
Suppose u = -3 + 8. Suppose 2*z - 38 = -u*q, -4*q = 2*z - z - 25. List the prime factors of z.
3
List the prime factors of 137 + 4 + 4/(12/(-15)).
2, 17
Suppose 0 = 3*f - b - 45, 2*f - 8 = 4*b + 12. What are the prime factors of f?
2
Let m = -11 + 19. Let v(z) = z**2 - 6*z - 7. Let k be v(7). Suppose 2*a + k*a + m = 4*t, -2*a = 0. What are the prime factors of t?
2
Let j(m) = -m**2 - 7*m - 8. Let p be j(-6). Let x(w) = -w + 2. Let z be x(4). What are the prime factors of (5/z + -2)*p?
3
What are the prime factors of 7/2*(2/(-2) + 3)?
7
Suppose 4*w - 12 = -c, -2*w - 2*c + 9 = w. Let f = w - 9. What are the prime factors of 4*(-9)/f - 3?
3
Let m(g) = -g**3 - g**2 + 25. What are the prime factors of m(0)?
5
What are the prime factors of (18/(-15))/(14/(-1995))?
3, 19
Let i = 12 - 10. What are the prime factors of 8*((-5)/i - -3)?
2
Let y = 2 - 5. Let m be 26/(y/(-3) + 1). Let a = -4 + m. List the prime factors of a.
3
Suppose 0*q - q = -3. Let y = 1 + -1. Let r = q + y. List the prime factors of r.
3
Let p be -2 + 8/2 + -3. Let f = -8 + p. Let o = f + 13. What are the prime factors of o?
2
Let m(f) = 7 + 5*f - 10 + f**2 - 6. What are the prime factors of m(-8)?
3, 5
Suppose 3*r - 5*z = 1, -5*z + 4 = 2*r - 5. Suppose 4*h + 26 = -r*p, -p - 4*h - 36 = 3*p. Let a = p + 12. List the prime factors of a.
7
Let a(s) = -s**2 - 11*s - 4. What are the prime factors of a(-7)?
2, 3
Let m(l) = l**3 + 7*l**2 + 4*l. Let t be -12 + 3 + -2 + 2. Let a be 4/(15/t + 1). What are the prime factors of m(a)?
2, 3
Let r = 15 - 10. Suppose -i - 2*f = -15, 0 = -3*i - r*f + f + 35. What are the prime factors of i?
5
List the prime factors of 2/(-5)*45/(-3).
2, 3
Suppose 3*q = -5*o + 2*q + 124, -4*o + 112 = 4*q. Suppose 3*c = c + o. List the prime factors of c.
2, 3
Let p be -2*(-8)/(-2) - 0. List the prime factors of -1*3/(6/p).
2
Let i(k) = k - 2. Let u be i(4). Let t(h) = -h - u + h - h. List the prime factors of t(-4).
2
Let m = -10 + 14. Suppose -2*l - 1 = -5*k, m*k = -5*l + k + 13. Suppose -l*y = 3*y - 90. What are the prime factors of y?
2, 3
Suppose 3 - 1 = r. Let v be (1 - 106) + r + -1. What are the prime factors of v/(-10) - (-6)/(-15)?
2, 5
Let r = 3 + -19. Let h = 13 - r. Let g = -17 + h. What are the prime factors of g?
2, 3
Let f(i) = i - 4. Let c be f(4). Let p(k) = -k + 33. What are the prime factors of p(c)?
3, 11
Let o be (-1)/(4/((-32)/(-4))). What are the prime factors of 671/99 + o/(-9)?
7
Suppose 3*c = -2*w + 308, 5*w - 328 = -5*c + 187. What are the prime factors of c?
2, 3, 17
Let z = 1 - -4. Suppose 0 = v + z*l - 23, 3*v - 30 = -3*l + l. Suppose -3*s + 2*i = -26, 5*i - v = -28. List the prime factors of s.
2, 3
Let k be (1 - (-14 + 1)) + -1. List the prime factors of k - (0/(-1) + 1).
2, 3
Let x be 3/15 + (-301)/5. Let f be x/(-27) - 2/9. Suppose -i - n = -6*i + 67, -2*n + 34 = f*i. List the prime factors of i.
2, 7
Let l(c) = c + 27. What are the prime factors of l(-6)?
3, 7
Let x be (-3)/(-2)*6/3. Suppose -5*i = 2*v - 28, 0 = -3*v + x*i - 2*i + 59. List the prime factors of v.
19
Let v(d) = -d + 2. Suppose -1 = q + 1. Let b be v(q). Suppose 5*y - b*y = 9. What are the prime factors of y?
3
Suppose -4*o + 16 = -2*o. List the prime factors of o.
2
Let p = -58 - -113. List the prime factors of p.
5, 11
Let a(y) = y**3 + 7*y**2 + 8*y + 3. Let v be a(-6). Let d = -13 + -5. Let s = v - d. List the prime factors of s.
3
Suppose -3*g = 2*h - 328, 8*g - 3*h - 236 = 6*g. What are the prime factors of g?
2, 7
Let l(h) = 133*h**2 + h - 1. List the prime factors of l(-1).
131
Let k be (-3)/(3/(-2)) + 0. Suppose -k*n = -0*n - 28. What are the prime factors of n?
2, 7
Let t = 42 - 25. List the prime factors of t.
17
Let p(g) = g**3 + g**2 - 2*g - 6. List the prime factors of p(3).
2, 3
Let y(b) = 2*b**2 + 5*b - 3. Let v be y(-5). Suppose 5*t - 8 = v. What are the prime factors of t?
2, 3
Suppose -2 = 4*b + l + 2, 0 = -5*b - 5*l - 5. Let u = b - 0. What are the prime factors of u/(5/2)*-10?
2
Let v be -15*(-3)/(8 + 1). Suppose -30 = -2*w + x + v, -5*w - 2*x = -74. Let t = -4 + w. What are the prime factors of t?
2, 3
Let o(p) = p + 17. Let l be -14*((-3)/(-6) + 0). List the prime factors of o(l).
2, 5
Let p(w) = 10*w + 31. List the prime factors of p(3).
61
Let k be 2*(6/3 - 3). Let b be 0 + k + 7 + 1. Let f = b - -2. What are the prime factors of f?
2
Let q = 2 + 5. Let i(n) = 2*n + 1 - n - 3*n + 4*n. What are the prime factors of i(q)?
3, 5
Let g = -14 - -24. Let n = -5 + g. Suppose -4*s + 38 = n*x - 6*s, -3*x - s = -14. What are the prime factors of x?
2, 3
Let m be (20/(-12) + 2)*-3. What are the prime factors of 1/(m + 12/9)?
3
Let g(v) = v**2 - 5*v - 9. Suppose 0 = -3*x + 5*x - 10. Suppose 0 = -u + x*u + 5*b - 13, -2*u + b = -17. What are the prime factors of g(u)?
5
Suppose 2*b - 19 = 27. Suppose -5*p + 93 = -g, -2*p = -3*p - 2*g + b. List the prime factors of p.
19
Let u(m) = m**2 + 11*m + 12. Let f be u(-10). Suppose -t - f*t + 